{"id":9,"date":"2015-12-03T16:10:22","date_gmt":"2015-12-03T15:10:22","guid":{"rendered":"http:\/\/www.cabinetdeluxo.fr\/?page_id=9"},"modified":"2021-03-06T12:13:23","modified_gmt":"2021-03-06T11:13:23","slug":"arret-du-tabac","status":"publish","type":"page","link":"https:\/\/cabinetdeluxo.fr\/index.php\/arret-du-tabac\/","title":{"rendered":"arret du tabac"},"content":{"rendered":"<h1><span style=\"color: #b21221;\">L&rsquo;arr\u00eat du tabac sans effet secondaire<\/span><\/h1>\n<p style=\"text-align: justify;\">Vous avez pris la d\u00e9cision d\u2019<strong>arr\u00eater de fumer<\/strong>. La motivation est l\u00e0 et vous \u00eates pr\u00eat \u00e0 changer vos habitudes et vos r\u00e9flexes au quotidien.<br \/>\nVous souhaitez trouver une m\u00e9thode d&rsquo;<strong>arr\u00eat du tabac<\/strong> qui vous offre un coaching personnalis\u00e9, motivant, dynamique, sans effet secondaire, et sans prise de m\u00e9dicament ni substitut nicotinique ?<\/p>\n<h2><span style=\"color: #b21221;\"><strong>D\u00e9couvrez une m\u00e9thode efficace pour arr\u00eater de fumer naturellement<\/strong><\/span><\/h2>\n<p style=\"text-align: justify;\">A Clermont-Ferrand, il existe une m\u00e9thode saine et tr\u00e8s efficace : la <a href=\"http:\/\/cabinetdeluxo.fr\/index.php\/luxopuncture-clermont-ferrand\/\">luxopuncture<\/a>. Grace \u00e0 cette technique, <strong>arr\u00eatez de fumer<\/strong> et retrouvez une vie saine.<br \/>\nSans prise de m\u00e9dicament ni substitut, votre d\u00e9pendance sera supprim\u00e9e, ou bien fortement diminu\u00e9e, et vous ne ressentirez plus ce \u00ab\u00a0besoin\u00a0\u00bb de fumer.<br \/>\nVous vous sentirez relax\u00e9 et apais\u00e9, sans aucune cons\u00e9quence sur votre sommeil.<br \/>\nVos compulsions seront \u00e9galement calm\u00e9es et vous n&rsquo;\u00e9prouverez pas le besoin de vous r\u00e9fugier dans la nourriture, limitant ainsi le risque de prise de poids.<\/p>\n<h2><span style=\"color: #b21221;\"><strong>Comment se d\u00e9roule le traitement pour l&rsquo;arr\u00eat du tabac ?<\/strong><\/span><\/h2>\n<p style=\"text-align: justify;\">Le forfait \u00ab\u00a0<strong>Arr\u00eat du tabac<\/strong>\u00a0\u00bb comprend autant de s\u00e9ances que n\u00e9cessaire pour vous accompagner jusqu&rsquo;\u00e0 votre arr\u00eat d\u00e9finitif.<\/p>\n<p style=\"text-align: justify;\">En tout premier lieu un rendez vous d\u2019\u00e9change est programm\u00e9. Il me permet de vous connaitre, de vous comprendre et d&rsquo;orienter ma m\u00e9thode en fonction de vous. Cibler vos attentes, r\u00e9\u00e9crire vos limites, reprogrammer vos pens\u00e9es limitantes et vous orienter sur la voie confiante de votre arr\u00eat du tabac, voil\u00e0 mon engagement.<br \/>\nA la suite, de 3 \u00e0 5 s\u00e9ances cons\u00e9cutives sont pr\u00e9vues la premi\u00e8re semaine, et une autre s\u00e9ance est planifi\u00e9e apr\u00e8s le premier week-end sans tabac.<br \/>\nChaque s\u00e9ance d\u00e9bute par un \u00e9change sur vos ressentis et vos sensations afin d&rsquo;adapter mon suivi au fur et \u00e0 mesure que progresse votre arr\u00eat.<\/p>\n<p>Il sera donc possible d&rsquo;adapter en permanence notre suivi en fonction de vous, de votre progression et des contrari\u00e9t\u00e9s que vous pourriez ressentir. Irritabilit\u00e9, probl\u00e8me de sommeil, compensations alimentaires, prise de poids, manque de confiance en vous ou croyance de l&rsquo;\u00e9chec&#8230; Tous les sujets pourront \u00eatre abord\u00e9s et trait\u00e9s.<\/p>\n<p style=\"text-align: justify;\">La dur\u00e9e de la premi\u00e8re s\u00e9ance est d&rsquo;une heure trente. Les autres s\u00e9ances de suivi durent environ une heure.<\/p>\n<h2><span style=\"color: #b21221;\"><strong>Contactez-moi d\u00e8s aujourd&rsquo;hui et soyez enfin libre<\/strong><\/span><\/h2>\n<p style=\"text-align: justify;\">Avant tout suivi et engagement dans un arr\u00eat du tabac, un bilan pr\u00e9alable est indispensable. Il est r\u00e9alis\u00e9 lors du premier rendez-vous. Il permet de d\u00e9finir votre \u00e9tat de d\u00e9pendance tabagique, vos motivations et d&rsquo;\u00e9changer ensemble sur vos forces et vos faiblesses.<\/p>\n<p style=\"text-align: center;\"><a class=\"fasc-button fasc-size-xlarge fasc-type-popout fasc-rounded-medium fasc-style-bold\" style=\"background-color: #b21221; color: #ffffff;\" href=\"http:\/\/cabinetdeluxo.fr\/index.php\/contact-et-plan-d-acces\/\">Je veux retrouver ma libert\u00e9<\/a><\/p>\n<p>&nbsp;<\/p>\n<p><strong>Nombreux sont ceux qui ont d\u00e9j\u00e0 fait appel au cabinet de luxo. Vous \u00eates curieux ? D<\/strong><strong>\u00e9couvrez leurs t\u00e9moignages : <a href=\"https:\/\/g.page\/cabinetdeluxo\/review?av\">https:\/\/g.page\/cabinetdeluxo\/review?av<\/a><\/strong><\/p>\n","protected":false},"excerpt":{"rendered":"<p>L&rsquo;arr\u00eat du tabac sans effet secondaire Vous avez pris la d\u00e9cision d\u2019arr\u00eater de fumer. La motivation est l\u00e0 et vous \u00eates pr\u00eat \u00e0 changer vos habitudes et vos r\u00e9flexes au quotidien. Vous souhaitez trouver une m\u00e9thode d&rsquo;arr\u00eat du tabac qui vous offre un coaching personnalis\u00e9, motivant, dynamique, sans effet secondaire, et sans prise de m\u00e9dicament [&hellip;]<\/p>\n","protected":false},"author":1,"featured_media":339,"parent":0,"menu_order":30,"comment_status":"closed","ping_status":"closed","template":"","meta":{"footnotes":""},"class_list":["post-9","page","type-page","status-publish","has-post-thumbnail","hentry"],"yoast_head":"<!-- This site is optimized with the Yoast SEO plugin v24.8.1 - https:\/\/yoast.com\/wordpress\/plugins\/seo\/ -->\n<title>M\u00e9thode pour arr\u00eater de fumer \u00e0 Clermont-Ferrand<\/title>\n<meta name=\"description\" content=\"M\u00e9thode rapide et efficace par infra-rouge. Cabinet de luxo, \u00e9quilibre et bien-\u00eatre sp\u00e9cialis\u00e9 dans arr\u00eat du tabac au 31 rue Gonod Clermont-Fd. Bilan offert\" \/>\n<meta name=\"robots\" content=\"index, follow, max-snippet:-1, max-image-preview:large, max-video-preview:-1\" \/>\n<link rel=\"canonical\" href=\"http:\/\/cabinetdeluxo.fr\/index.php\/arret-du-tabac\/\" \/>\n<meta property=\"og:locale\" content=\"fr_FR\" \/>\n<meta property=\"og:type\" content=\"article\" \/>\n<meta property=\"og:title\" content=\"M\u00e9thode pour arr\u00eater de fumer \u00e0 Clermont-Ferrand\" \/>\n<meta property=\"og:description\" content=\"M\u00e9thode rapide et efficace par infra-rouge. Cabinet de luxo, \u00e9quilibre et bien-\u00eatre sp\u00e9cialis\u00e9 dans arr\u00eat du tabac au 31 rue Gonod Clermont-Fd. Bilan offert\" \/>\n<meta property=\"og:url\" content=\"http:\/\/cabinetdeluxo.fr\/index.php\/arret-du-tabac\/\" \/>\n<meta property=\"og:site_name\" content=\"cabinet de luxo\" \/>\n<meta property=\"article:modified_time\" content=\"2021-03-06T11:13:23+00:00\" \/>\n<meta property=\"og:image\" content=\"http:\/\/cabinetdeluxo.fr\/wp-content\/uploads\/2015\/12\/cabinet-de-luxo_pubFB-2017_2.jpg\" \/>\n\t<meta property=\"og:image:width\" content=\"1150\" \/>\n\t<meta property=\"og:image:height\" content=\"650\" \/>\n\t<meta property=\"og:image:type\" content=\"image\/jpeg\" \/>\n<meta name=\"twitter:card\" content=\"summary_large_image\" \/>\n<meta name=\"twitter:label1\" content=\"Dur\u00e9e de lecture estim\u00e9e\" \/>\n\t<meta name=\"twitter:data1\" content=\"2 minutes\" \/>\n<script type=\"application\/ld+json\" class=\"yoast-schema-graph\">{\"@context\":\"https:\/\/schema.org\",\"@graph\":[{\"@type\":\"WebPage\",\"@id\":\"http:\/\/cabinetdeluxo.fr\/index.php\/arret-du-tabac\/\",\"url\":\"http:\/\/cabinetdeluxo.fr\/index.php\/arret-du-tabac\/\",\"name\":\"M\u00e9thode pour arr\u00eater de fumer \u00e0 Clermont-Ferrand\",\"isPartOf\":{\"@id\":\"https:\/\/cabinetdeluxo.fr\/#website\"},\"primaryImageOfPage\":{\"@id\":\"http:\/\/cabinetdeluxo.fr\/index.php\/arret-du-tabac\/#primaryimage\"},\"image\":{\"@id\":\"http:\/\/cabinetdeluxo.fr\/index.php\/arret-du-tabac\/#primaryimage\"},\"thumbnailUrl\":\"https:\/\/cabinetdeluxo.fr\/wp-content\/uploads\/2015\/12\/cabinet-de-luxo_pubFB-2017_2.jpg\",\"datePublished\":\"2015-12-03T15:10:22+00:00\",\"dateModified\":\"2021-03-06T11:13:23+00:00\",\"description\":\"M\u00e9thode rapide et efficace par infra-rouge. Cabinet de luxo, \u00e9quilibre et bien-\u00eatre sp\u00e9cialis\u00e9 dans arr\u00eat du tabac au 31 rue Gonod Clermont-Fd. Bilan offert\",\"breadcrumb\":{\"@id\":\"http:\/\/cabinetdeluxo.fr\/index.php\/arret-du-tabac\/#breadcrumb\"},\"inLanguage\":\"fr-FR\",\"potentialAction\":[{\"@type\":\"ReadAction\",\"target\":[\"http:\/\/cabinetdeluxo.fr\/index.php\/arret-du-tabac\/\"]}]},{\"@type\":\"ImageObject\",\"inLanguage\":\"fr-FR\",\"@id\":\"http:\/\/cabinetdeluxo.fr\/index.php\/arret-du-tabac\/#primaryimage\",\"url\":\"https:\/\/cabinetdeluxo.fr\/wp-content\/uploads\/2015\/12\/cabinet-de-luxo_pubFB-2017_2.jpg\",\"contentUrl\":\"https:\/\/cabinetdeluxo.fr\/wp-content\/uploads\/2015\/12\/cabinet-de-luxo_pubFB-2017_2.jpg\",\"width\":1150,\"height\":650},{\"@type\":\"BreadcrumbList\",\"@id\":\"http:\/\/cabinetdeluxo.fr\/index.php\/arret-du-tabac\/#breadcrumb\",\"itemListElement\":[{\"@type\":\"ListItem\",\"position\":1,\"name\":\"Accueil\",\"item\":\"https:\/\/cabinetdeluxo.fr\/\"},{\"@type\":\"ListItem\",\"position\":2,\"name\":\"arret du tabac\"}]},{\"@type\":\"WebSite\",\"@id\":\"https:\/\/cabinetdeluxo.fr\/#website\",\"url\":\"https:\/\/cabinetdeluxo.fr\/\",\"name\":\"cabinet de luxo\",\"description\":\"\",\"potentialAction\":[{\"@type\":\"SearchAction\",\"target\":{\"@type\":\"EntryPoint\",\"urlTemplate\":\"https:\/\/cabinetdeluxo.fr\/?s={search_term_string}\"},\"query-input\":{\"@type\":\"PropertyValueSpecification\",\"valueRequired\":true,\"valueName\":\"search_term_string\"}}],\"inLanguage\":\"fr-FR\"}]}<\/script>\n<!-- \/ Yoast SEO plugin. -->","yoast_head_json":{"title":"M\u00e9thode pour arr\u00eater de fumer \u00e0 Clermont-Ferrand","description":"M\u00e9thode rapide et efficace par infra-rouge. Cabinet de luxo, \u00e9quilibre et bien-\u00eatre sp\u00e9cialis\u00e9 dans arr\u00eat du tabac au 31 rue Gonod Clermont-Fd. Bilan offert","robots":{"index":"index","follow":"follow","max-snippet":"max-snippet:-1","max-image-preview":"max-image-preview:large","max-video-preview":"max-video-preview:-1"},"canonical":"http:\/\/cabinetdeluxo.fr\/index.php\/arret-du-tabac\/","og_locale":"fr_FR","og_type":"article","og_title":"M\u00e9thode pour arr\u00eater de fumer \u00e0 Clermont-Ferrand","og_description":"M\u00e9thode rapide et efficace par infra-rouge. Cabinet de luxo, \u00e9quilibre et bien-\u00eatre sp\u00e9cialis\u00e9 dans arr\u00eat du tabac au 31 rue Gonod Clermont-Fd. Bilan offert","og_url":"http:\/\/cabinetdeluxo.fr\/index.php\/arret-du-tabac\/","og_site_name":"cabinet de luxo","article_modified_time":"2021-03-06T11:13:23+00:00","og_image":[{"width":1150,"height":650,"url":"http:\/\/cabinetdeluxo.fr\/wp-content\/uploads\/2015\/12\/cabinet-de-luxo_pubFB-2017_2.jpg","type":"image\/jpeg"}],"twitter_card":"summary_large_image","twitter_misc":{"Dur\u00e9e de lecture estim\u00e9e":"2 minutes"},"schema":{"@context":"https:\/\/schema.org","@graph":[{"@type":"WebPage","@id":"http:\/\/cabinetdeluxo.fr\/index.php\/arret-du-tabac\/","url":"http:\/\/cabinetdeluxo.fr\/index.php\/arret-du-tabac\/","name":"M\u00e9thode pour arr\u00eater de fumer \u00e0 Clermont-Ferrand","isPartOf":{"@id":"https:\/\/cabinetdeluxo.fr\/#website"},"primaryImageOfPage":{"@id":"http:\/\/cabinetdeluxo.fr\/index.php\/arret-du-tabac\/#primaryimage"},"image":{"@id":"http:\/\/cabinetdeluxo.fr\/index.php\/arret-du-tabac\/#primaryimage"},"thumbnailUrl":"https:\/\/cabinetdeluxo.fr\/wp-content\/uploads\/2015\/12\/cabinet-de-luxo_pubFB-2017_2.jpg","datePublished":"2015-12-03T15:10:22+00:00","dateModified":"2021-03-06T11:13:23+00:00","description":"M\u00e9thode rapide et efficace par infra-rouge. Cabinet de luxo, \u00e9quilibre et bien-\u00eatre sp\u00e9cialis\u00e9 dans arr\u00eat du tabac au 31 rue Gonod Clermont-Fd. Bilan offert","breadcrumb":{"@id":"http:\/\/cabinetdeluxo.fr\/index.php\/arret-du-tabac\/#breadcrumb"},"inLanguage":"fr-FR","potentialAction":[{"@type":"ReadAction","target":["http:\/\/cabinetdeluxo.fr\/index.php\/arret-du-tabac\/"]}]},{"@type":"ImageObject","inLanguage":"fr-FR","@id":"http:\/\/cabinetdeluxo.fr\/index.php\/arret-du-tabac\/#primaryimage","url":"https:\/\/cabinetdeluxo.fr\/wp-content\/uploads\/2015\/12\/cabinet-de-luxo_pubFB-2017_2.jpg","contentUrl":"https:\/\/cabinetdeluxo.fr\/wp-content\/uploads\/2015\/12\/cabinet-de-luxo_pubFB-2017_2.jpg","width":1150,"height":650},{"@type":"BreadcrumbList","@id":"http:\/\/cabinetdeluxo.fr\/index.php\/arret-du-tabac\/#breadcrumb","itemListElement":[{"@type":"ListItem","position":1,"name":"Accueil","item":"https:\/\/cabinetdeluxo.fr\/"},{"@type":"ListItem","position":2,"name":"arret du tabac"}]},{"@type":"WebSite","@id":"https:\/\/cabinetdeluxo.fr\/#website","url":"https:\/\/cabinetdeluxo.fr\/","name":"cabinet de luxo","description":"","potentialAction":[{"@type":"SearchAction","target":{"@type":"EntryPoint","urlTemplate":"https:\/\/cabinetdeluxo.fr\/?s={search_term_string}"},"query-input":{"@type":"PropertyValueSpecification","valueRequired":true,"valueName":"search_term_string"}}],"inLanguage":"fr-FR"}]}},"_links":{"self":[{"href":"https:\/\/cabinetdeluxo.fr\/index.php\/wp-json\/wp\/v2\/pages\/9","targetHints":{"allow":["GET"]}}],"collection":[{"href":"https:\/\/cabinetdeluxo.fr\/index.php\/wp-json\/wp\/v2\/pages"}],"about":[{"href":"https:\/\/cabinetdeluxo.fr\/index.php\/wp-json\/wp\/v2\/types\/page"}],"author":[{"embeddable":true,"href":"https:\/\/cabinetdeluxo.fr\/index.php\/wp-json\/wp\/v2\/users\/1"}],"replies":[{"embeddable":true,"href":"https:\/\/cabinetdeluxo.fr\/index.php\/wp-json\/wp\/v2\/comments?post=9"}],"version-history":[{"count":31,"href":"https:\/\/cabinetdeluxo.fr\/index.php\/wp-json\/wp\/v2\/pages\/9\/revisions"}],"predecessor-version":[{"id":535,"href":"https:\/\/cabinetdeluxo.fr\/index.php\/wp-json\/wp\/v2\/pages\/9\/revisions\/535"}],"wp:featuredmedia":[{"embeddable":true,"href":"https:\/\/cabinetdeluxo.fr\/index.php\/wp-json\/wp\/v2\/media\/339"}],"wp:attachment":[{"href":"https:\/\/cabinetdeluxo.fr\/index.php\/wp-json\/wp\/v2\/media?parent=9"}],"curies":[{"name":"wp","href":"https:\/\/api.w.org\/{rel}","templated":true}]}}