{"id":107,"date":"2016-02-09T17:58:55","date_gmt":"2016-02-09T16:58:55","guid":{"rendered":"http:\/\/cabinetdeluxo.fr\/cabinetdeluxo\/?page_id=107"},"modified":"2017-03-25T15:05:31","modified_gmt":"2017-03-25T14:05:31","slug":"liens-utiles","status":"publish","type":"page","link":"http:\/\/cabinetdeluxo.fr\/index.php\/liens-utiles\/","title":{"rendered":"presse"},"content":{"rendered":"<h2>Extraits et articles sur le cabinet<\/h2>\n<p>&nbsp;<\/p>\n<p><strong><span style=\"text-decoration: underline;\">Article sur la luxopuncture extrait d&rsquo;Octopus Magazine &#8211; Janvier 2017<\/span><\/strong><\/p>\n<p>Un grand merci \u00e0 l&rsquo;\u00e9quipe d&rsquo;Octopus pour m&rsquo;avoir cit\u00e9 en r\u00e9f\u00e9rant professionnel.<\/p>\n<p><a href=\"http:\/\/cabinetdeluxo.fr\/wp-content\/uploads\/2016\/02\/octopus-janvier.jpg\" rel=\"attachment wp-att-413\"><img loading=\"lazy\" decoding=\"async\" class=\"alignnone wp-image-413 size-large\" src=\"http:\/\/cabinetdeluxo.fr\/wp-content\/uploads\/2016\/02\/octopus-janvier-1006x1024.jpg\" alt=\"octopus janvier\" width=\"840\" height=\"855\" srcset=\"http:\/\/cabinetdeluxo.fr\/wp-content\/uploads\/2016\/02\/octopus-janvier-1006x1024.jpg 1006w, http:\/\/cabinetdeluxo.fr\/wp-content\/uploads\/2016\/02\/octopus-janvier-295x300.jpg 295w, http:\/\/cabinetdeluxo.fr\/wp-content\/uploads\/2016\/02\/octopus-janvier-768x782.jpg 768w, http:\/\/cabinetdeluxo.fr\/wp-content\/uploads\/2016\/02\/octopus-janvier-54x55.jpg 54w, http:\/\/cabinetdeluxo.fr\/wp-content\/uploads\/2016\/02\/octopus-janvier-800x814.jpg 800w\" sizes=\"auto, (max-width: 840px) 100vw, 840px\" \/><\/a><\/p>\n<p>&nbsp;<\/p>\n<p><strong><span style=\"text-decoration: underline;\">Article extrait du journal La Montagne &#8211; Novembre 2016<\/span><\/strong><\/p>\n<p><img loading=\"lazy\" decoding=\"async\" class=\"alignnone wp-image-405 size-large\" src=\"http:\/\/cabinetdeluxo.fr\/wp-content\/uploads\/2016\/02\/article-la-montagne_001-e1487146779354-1024x777.jpg\" alt=\"article la montagne_001\" width=\"840\" height=\"637\" srcset=\"http:\/\/cabinetdeluxo.fr\/wp-content\/uploads\/2016\/02\/article-la-montagne_001-e1487146779354-1024x777.jpg 1024w, http:\/\/cabinetdeluxo.fr\/wp-content\/uploads\/2016\/02\/article-la-montagne_001-e1487146779354-300x228.jpg 300w, http:\/\/cabinetdeluxo.fr\/wp-content\/uploads\/2016\/02\/article-la-montagne_001-e1487146779354-768x583.jpg 768w, http:\/\/cabinetdeluxo.fr\/wp-content\/uploads\/2016\/02\/article-la-montagne_001-e1487146779354-72x55.jpg 72w, http:\/\/cabinetdeluxo.fr\/wp-content\/uploads\/2016\/02\/article-la-montagne_001-e1487146779354-800x607.jpg 800w\" sizes=\"auto, (max-width: 840px) 100vw, 840px\" \/><\/p>\n<p>&nbsp;<\/p>\n<p><strong><span style=\"text-decoration: underline;\">Article paru sur lamontagne.fr &#8211; Novembre 2016<\/span> \u00a0(Cliquez sur l&rsquo;image)<\/strong><\/p>\n<p><a href=\"http:\/\/www.lamontagne.fr\/clermont-ferrand\/art-de-vivre-bien-etre\/2016\/11\/04\/detente-avec-la-luxopuncture_12139110.html\" rel=\"attachment wp-att-421\"><img loading=\"lazy\" decoding=\"async\" class=\"alignnone wp-image-421 size-large\" src=\"http:\/\/cabinetdeluxo.fr\/wp-content\/uploads\/2016\/02\/Capt-la-montagne-1024x928.jpg\" alt=\"Capt la montagne\" width=\"840\" height=\"761\" srcset=\"http:\/\/cabinetdeluxo.fr\/wp-content\/uploads\/2016\/02\/Capt-la-montagne-1024x928.jpg 1024w, http:\/\/cabinetdeluxo.fr\/wp-content\/uploads\/2016\/02\/Capt-la-montagne-300x272.jpg 300w, http:\/\/cabinetdeluxo.fr\/wp-content\/uploads\/2016\/02\/Capt-la-montagne-768x696.jpg 768w, http:\/\/cabinetdeluxo.fr\/wp-content\/uploads\/2016\/02\/Capt-la-montagne-61x55.jpg 61w, http:\/\/cabinetdeluxo.fr\/wp-content\/uploads\/2016\/02\/Capt-la-montagne-800x725.jpg 800w, http:\/\/cabinetdeluxo.fr\/wp-content\/uploads\/2016\/02\/Capt-la-montagne.jpg 1056w\" sizes=\"auto, (max-width: 840px) 100vw, 840px\" \/><\/a><\/p>\n<p>&nbsp;<\/p>\n<p><strong><span style=\"text-decoration: underline;\">Extrait du Magazine ZAP &#8211; Septembre 2016<\/span><\/strong><\/p>\n<p><img loading=\"lazy\" decoding=\"async\" class=\"alignnone wp-image-415 size-large\" src=\"http:\/\/cabinetdeluxo.fr\/wp-content\/uploads\/2016\/02\/IMG_20160912_134855-1024x768.jpg\" alt=\"IMG_20160912_134855\" width=\"840\" height=\"630\" srcset=\"http:\/\/cabinetdeluxo.fr\/wp-content\/uploads\/2016\/02\/IMG_20160912_134855-1024x768.jpg 1024w, http:\/\/cabinetdeluxo.fr\/wp-content\/uploads\/2016\/02\/IMG_20160912_134855-300x225.jpg 300w, http:\/\/cabinetdeluxo.fr\/wp-content\/uploads\/2016\/02\/IMG_20160912_134855-768x576.jpg 768w, http:\/\/cabinetdeluxo.fr\/wp-content\/uploads\/2016\/02\/IMG_20160912_134855-73x55.jpg 73w, http:\/\/cabinetdeluxo.fr\/wp-content\/uploads\/2016\/02\/IMG_20160912_134855-800x600.jpg 800w\" sizes=\"auto, (max-width: 840px) 100vw, 840px\" \/><\/p>\n<p>&nbsp;<\/p>\n<p><strong><span style=\"text-decoration: underline;\">Extrait d&rsquo;une publicit\u00e9 dans le magazine Com\u00e8tes &#8211; Juin 2016<\/span><\/strong><\/p>\n<p><em>\u00ab\u00a0L&rsquo;essentiel c&rsquo;est l&rsquo;impact\u00a0\u00bb<\/em><\/p>\n<p><a href=\"http:\/\/cabinetdeluxo.fr\/wp-content\/uploads\/2016\/02\/IMG_20160602_141302-e1487168381767.jpg\" rel=\"attachment wp-att-414\"><img loading=\"lazy\" decoding=\"async\" class=\"alignnone wp-image-414 size-large\" src=\"http:\/\/cabinetdeluxo.fr\/wp-content\/uploads\/2016\/02\/IMG_20160602_141302-e1487168381767-1024x766.jpg\" alt=\"IMG_20160602_141302\" width=\"840\" height=\"628\" srcset=\"http:\/\/cabinetdeluxo.fr\/wp-content\/uploads\/2016\/02\/IMG_20160602_141302-e1487168381767-1024x766.jpg 1024w, http:\/\/cabinetdeluxo.fr\/wp-content\/uploads\/2016\/02\/IMG_20160602_141302-e1487168381767-300x224.jpg 300w, http:\/\/cabinetdeluxo.fr\/wp-content\/uploads\/2016\/02\/IMG_20160602_141302-e1487168381767-768x574.jpg 768w, http:\/\/cabinetdeluxo.fr\/wp-content\/uploads\/2016\/02\/IMG_20160602_141302-e1487168381767-74x55.jpg 74w, http:\/\/cabinetdeluxo.fr\/wp-content\/uploads\/2016\/02\/IMG_20160602_141302-e1487168381767-800x598.jpg 800w\" sizes=\"auto, (max-width: 840px) 100vw, 840px\" \/><\/a><\/p>\n<p>&nbsp;<\/p>\n<p><strong><span style=\"text-decoration: underline;\">Article r\u00e9dactionnel paru sur le magazine Myrtille \u00a0&#8211; Avril 2016<\/span><\/strong><\/p>\n<p>&nbsp;<\/p>\n<p><a href=\"http:\/\/cabinetdeluxo.fr\/wp-content\/uploads\/2016\/02\/Myrtille_n\u00b023_luxo.jpeg\" rel=\"attachment wp-att-431\"><img loading=\"lazy\" decoding=\"async\" class=\"alignnone wp-image-431 size-large\" src=\"http:\/\/cabinetdeluxo.fr\/wp-content\/uploads\/2016\/02\/Myrtille_n\u00b023_luxo-757x1024.jpeg\" alt=\"Myrtille_n\u00b023_luxo\" width=\"757\" height=\"1024\" srcset=\"http:\/\/cabinetdeluxo.fr\/wp-content\/uploads\/2016\/02\/Myrtille_n\u00b023_luxo-757x1024.jpeg 757w, http:\/\/cabinetdeluxo.fr\/wp-content\/uploads\/2016\/02\/Myrtille_n\u00b023_luxo-222x300.jpeg 222w, http:\/\/cabinetdeluxo.fr\/wp-content\/uploads\/2016\/02\/Myrtille_n\u00b023_luxo-768x1039.jpeg 768w, http:\/\/cabinetdeluxo.fr\/wp-content\/uploads\/2016\/02\/Myrtille_n\u00b023_luxo-41x55.jpeg 41w, http:\/\/cabinetdeluxo.fr\/wp-content\/uploads\/2016\/02\/Myrtille_n\u00b023_luxo-800x1082.jpeg 800w, http:\/\/cabinetdeluxo.fr\/wp-content\/uploads\/2016\/02\/Myrtille_n\u00b023_luxo.jpeg 2008w\" sizes=\"auto, (max-width: 757px) 100vw, 757px\" \/><\/a><\/p>\n<p>&nbsp;<\/p>\n<h2>COMMUNICATION 2017<\/h2>\n<h3>Affiches<\/h3>\n<p>&nbsp;<\/p>\n<h3>Plaquette<\/h3>\n<p>&nbsp;<\/p>\n<h3>Visuels<\/h3>\n<p>&nbsp;<\/p>\n<p>&nbsp;<\/p>\n<p>&nbsp;<\/p>\n<h2>Liens connexes au cabinet<\/h2>\n<p><a href=\"http:\/\/www.luxomed.com\/\" target=\"_blank\">LUXOMED<\/a><\/p>\n<p><a href=\"http:\/\/www.gros.org\/\" target=\"_blank\">Groupe de R\u00e9flexion sur l&rsquo;Ob\u00e9sit\u00e9 et le Surpoids<\/a><\/p>\n<p><a href=\"http:\/\/www.afme.org\/anti-age-gp\/luxopuncture-et-desequilibres-hormonaux\/\" target=\"_blank\">Association Fran\u00e7aise de M\u00e9decine morpho-Esth\u00e9tique et anti-\u00e2ge<\/a><\/p>\n<p><a href=\"http:\/\/methodes-douces-et-bien-etre.com\/sante\/luxopuncture-methode-douce-au-service-de-votre-bien-etre\/\" target=\"_blank\">Le blog des m\u00e9thodes douces<\/a><\/p>\n<p><a href=\"http:\/\/www.viepratique.fr\/sante\/medecines-douces\/quest-ce-que-la-luxopuncture-114357.html\" target=\"_blank\">Vie pratique f\u00e9minin<\/a><\/p>\n<p>&nbsp;<\/p>\n<h2><strong>Liens Vid\u00e9os :<\/strong><\/h2>\n<p><a href=\"https:\/\/youtu.be\/Km3yMS32I4s\" target=\"_blank\">France 2<\/a><\/p>\n<p><a href=\"https:\/\/www.youtube.com\/watch?v=xBqXycdvoj4\" target=\"_blank\">France 3<\/a><\/p>\n<p><a href=\"https:\/\/www.youtube.com\/watch?v=DZJc6oyW9Ag\" target=\"_blank\">BFM Tv<\/a><\/p>\n<p><a href=\"https:\/\/www.youtube.com\/watch?v=aqPWww77lAQ\" target=\"_blank\">Delta Tv<\/a><\/p>\n<p>&nbsp;<\/p>\n<p><script>\/\/ <![CDATA[\n(function(i,s,o,g,r,a,m){i['GoogleAnalyticsObject']=r;i[r]=i[r]||function(){ (i[r].q=i[r].q||[]).push(arguments)},i[r].l=1*new Date();a=s.createElement(o), m=s.getElementsByTagName(o)[0];a.async=1;a.src=g;m.parentNode.insertBefore(a,m) })(window,document,'script','\/\/www.google-analytics.com\/analytics.js','ga'); ga('create', 'UA-75369419-1', 'auto'); ga('send', 'pageview');\n\/\/ ]]><\/script><\/p>\n","protected":false},"excerpt":{"rendered":"<p>Extraits et articles sur le cabinet &nbsp; Article sur la luxopuncture extrait d&rsquo;Octopus Magazine &#8211; Janvier 2017 Un grand merci \u00e0 l&rsquo;\u00e9quipe d&rsquo;Octopus pour m&rsquo;avoir cit\u00e9 en r\u00e9f\u00e9rant professionnel. &nbsp; Article extrait du journal La Montagne &#8211; Novembre 2016 &nbsp; Article paru sur lamontagne.fr &#8211; Novembre 2016 \u00a0(Cliquez sur l&rsquo;image) &nbsp; Extrait du Magazine ZAP [&hellip;]<\/p>\n","protected":false},"author":1,"featured_media":230,"parent":0,"menu_order":0,"comment_status":"closed","ping_status":"closed","template":"","meta":{"footnotes":""},"class_list":["post-107","page","type-page","status-publish","has-post-thumbnail","hentry"],"yoast_head":"<!-- This site is optimized with the Yoast SEO plugin v24.8.1 - https:\/\/yoast.com\/wordpress\/plugins\/seo\/ -->\n<title>presse - cabinet de luxo<\/title>\n<meta name=\"robots\" content=\"index, follow, max-snippet:-1, max-image-preview:large, max-video-preview:-1\" \/>\n<link rel=\"canonical\" href=\"http:\/\/cabinetdeluxo.fr\/index.php\/liens-utiles\/\" \/>\n<meta property=\"og:locale\" content=\"fr_FR\" \/>\n<meta property=\"og:type\" content=\"article\" \/>\n<meta property=\"og:title\" content=\"presse - cabinet de luxo\" \/>\n<meta property=\"og:description\" content=\"Extraits et articles sur le cabinet &nbsp; Article sur la luxopuncture extrait d&rsquo;Octopus Magazine &#8211; Janvier 2017 Un grand merci \u00e0 l&rsquo;\u00e9quipe d&rsquo;Octopus pour m&rsquo;avoir cit\u00e9 en r\u00e9f\u00e9rant professionnel. &nbsp; Article extrait du journal La Montagne &#8211; Novembre 2016 &nbsp; Article paru sur lamontagne.fr &#8211; Novembre 2016 \u00a0(Cliquez sur l&rsquo;image) &nbsp; Extrait du Magazine ZAP [&hellip;]\" \/>\n<meta property=\"og:url\" content=\"http:\/\/cabinetdeluxo.fr\/index.php\/liens-utiles\/\" \/>\n<meta property=\"og:site_name\" content=\"cabinet de luxo\" \/>\n<meta property=\"article:modified_time\" content=\"2017-03-25T14:05:31+00:00\" \/>\n<meta property=\"og:image\" content=\"http:\/\/cabinetdeluxo.fr\/wp-content\/uploads\/2015\/12\/IMG_20160303_150335-1024x768.jpg\" \/>\n\t<meta property=\"og:image:width\" content=\"1024\" \/>\n\t<meta property=\"og:image:height\" content=\"768\" \/>\n\t<meta property=\"og:image:type\" content=\"image\/jpeg\" \/>\n<meta name=\"twitter:card\" content=\"summary_large_image\" \/>\n<meta name=\"twitter:label1\" content=\"Dur\u00e9e de lecture estim\u00e9e\" \/>\n\t<meta name=\"twitter:data1\" content=\"1 minute\" \/>\n<script type=\"application\/ld+json\" class=\"yoast-schema-graph\">{\"@context\":\"https:\/\/schema.org\",\"@graph\":[{\"@type\":\"WebPage\",\"@id\":\"http:\/\/cabinetdeluxo.fr\/index.php\/liens-utiles\/\",\"url\":\"http:\/\/cabinetdeluxo.fr\/index.php\/liens-utiles\/\",\"name\":\"presse - cabinet de luxo\",\"isPartOf\":{\"@id\":\"https:\/\/cabinetdeluxo.fr\/#website\"},\"primaryImageOfPage\":{\"@id\":\"http:\/\/cabinetdeluxo.fr\/index.php\/liens-utiles\/#primaryimage\"},\"image\":{\"@id\":\"http:\/\/cabinetdeluxo.fr\/index.php\/liens-utiles\/#primaryimage\"},\"thumbnailUrl\":\"http:\/\/cabinetdeluxo.fr\/wp-content\/uploads\/2015\/12\/IMG_20160303_150335.jpg\",\"datePublished\":\"2016-02-09T16:58:55+00:00\",\"dateModified\":\"2017-03-25T14:05:31+00:00\",\"breadcrumb\":{\"@id\":\"http:\/\/cabinetdeluxo.fr\/index.php\/liens-utiles\/#breadcrumb\"},\"inLanguage\":\"fr-FR\",\"potentialAction\":[{\"@type\":\"ReadAction\",\"target\":[\"http:\/\/cabinetdeluxo.fr\/index.php\/liens-utiles\/\"]}]},{\"@type\":\"ImageObject\",\"inLanguage\":\"fr-FR\",\"@id\":\"http:\/\/cabinetdeluxo.fr\/index.php\/liens-utiles\/#primaryimage\",\"url\":\"http:\/\/cabinetdeluxo.fr\/wp-content\/uploads\/2015\/12\/IMG_20160303_150335.jpg\",\"contentUrl\":\"http:\/\/cabinetdeluxo.fr\/wp-content\/uploads\/2015\/12\/IMG_20160303_150335.jpg\",\"width\":4032,\"height\":3024},{\"@type\":\"BreadcrumbList\",\"@id\":\"http:\/\/cabinetdeluxo.fr\/index.php\/liens-utiles\/#breadcrumb\",\"itemListElement\":[{\"@type\":\"ListItem\",\"position\":1,\"name\":\"Accueil\",\"item\":\"https:\/\/cabinetdeluxo.fr\/\"},{\"@type\":\"ListItem\",\"position\":2,\"name\":\"presse\"}]},{\"@type\":\"WebSite\",\"@id\":\"https:\/\/cabinetdeluxo.fr\/#website\",\"url\":\"https:\/\/cabinetdeluxo.fr\/\",\"name\":\"cabinet de luxo\",\"description\":\"\",\"potentialAction\":[{\"@type\":\"SearchAction\",\"target\":{\"@type\":\"EntryPoint\",\"urlTemplate\":\"https:\/\/cabinetdeluxo.fr\/?s={search_term_string}\"},\"query-input\":{\"@type\":\"PropertyValueSpecification\",\"valueRequired\":true,\"valueName\":\"search_term_string\"}}],\"inLanguage\":\"fr-FR\"}]}<\/script>\n<!-- \/ Yoast SEO plugin. -->","yoast_head_json":{"title":"presse - cabinet de luxo","robots":{"index":"index","follow":"follow","max-snippet":"max-snippet:-1","max-image-preview":"max-image-preview:large","max-video-preview":"max-video-preview:-1"},"canonical":"http:\/\/cabinetdeluxo.fr\/index.php\/liens-utiles\/","og_locale":"fr_FR","og_type":"article","og_title":"presse - cabinet de luxo","og_description":"Extraits et articles sur le cabinet &nbsp; Article sur la luxopuncture extrait d&rsquo;Octopus Magazine &#8211; Janvier 2017 Un grand merci \u00e0 l&rsquo;\u00e9quipe d&rsquo;Octopus pour m&rsquo;avoir cit\u00e9 en r\u00e9f\u00e9rant professionnel. &nbsp; Article extrait du journal La Montagne &#8211; Novembre 2016 &nbsp; Article paru sur lamontagne.fr &#8211; Novembre 2016 \u00a0(Cliquez sur l&rsquo;image) &nbsp; Extrait du Magazine ZAP [&hellip;]","og_url":"http:\/\/cabinetdeluxo.fr\/index.php\/liens-utiles\/","og_site_name":"cabinet de luxo","article_modified_time":"2017-03-25T14:05:31+00:00","og_image":[{"width":1024,"height":768,"url":"http:\/\/cabinetdeluxo.fr\/wp-content\/uploads\/2015\/12\/IMG_20160303_150335-1024x768.jpg","type":"image\/jpeg"}],"twitter_card":"summary_large_image","twitter_misc":{"Dur\u00e9e de lecture estim\u00e9e":"1 minute"},"schema":{"@context":"https:\/\/schema.org","@graph":[{"@type":"WebPage","@id":"http:\/\/cabinetdeluxo.fr\/index.php\/liens-utiles\/","url":"http:\/\/cabinetdeluxo.fr\/index.php\/liens-utiles\/","name":"presse - cabinet de luxo","isPartOf":{"@id":"https:\/\/cabinetdeluxo.fr\/#website"},"primaryImageOfPage":{"@id":"http:\/\/cabinetdeluxo.fr\/index.php\/liens-utiles\/#primaryimage"},"image":{"@id":"http:\/\/cabinetdeluxo.fr\/index.php\/liens-utiles\/#primaryimage"},"thumbnailUrl":"http:\/\/cabinetdeluxo.fr\/wp-content\/uploads\/2015\/12\/IMG_20160303_150335.jpg","datePublished":"2016-02-09T16:58:55+00:00","dateModified":"2017-03-25T14:05:31+00:00","breadcrumb":{"@id":"http:\/\/cabinetdeluxo.fr\/index.php\/liens-utiles\/#breadcrumb"},"inLanguage":"fr-FR","potentialAction":[{"@type":"ReadAction","target":["http:\/\/cabinetdeluxo.fr\/index.php\/liens-utiles\/"]}]},{"@type":"ImageObject","inLanguage":"fr-FR","@id":"http:\/\/cabinetdeluxo.fr\/index.php\/liens-utiles\/#primaryimage","url":"http:\/\/cabinetdeluxo.fr\/wp-content\/uploads\/2015\/12\/IMG_20160303_150335.jpg","contentUrl":"http:\/\/cabinetdeluxo.fr\/wp-content\/uploads\/2015\/12\/IMG_20160303_150335.jpg","width":4032,"height":3024},{"@type":"BreadcrumbList","@id":"http:\/\/cabinetdeluxo.fr\/index.php\/liens-utiles\/#breadcrumb","itemListElement":[{"@type":"ListItem","position":1,"name":"Accueil","item":"https:\/\/cabinetdeluxo.fr\/"},{"@type":"ListItem","position":2,"name":"presse"}]},{"@type":"WebSite","@id":"https:\/\/cabinetdeluxo.fr\/#website","url":"https:\/\/cabinetdeluxo.fr\/","name":"cabinet de luxo","description":"","potentialAction":[{"@type":"SearchAction","target":{"@type":"EntryPoint","urlTemplate":"https:\/\/cabinetdeluxo.fr\/?s={search_term_string}"},"query-input":{"@type":"PropertyValueSpecification","valueRequired":true,"valueName":"search_term_string"}}],"inLanguage":"fr-FR"}]}},"_links":{"self":[{"href":"http:\/\/cabinetdeluxo.fr\/index.php\/wp-json\/wp\/v2\/pages\/107","targetHints":{"allow":["GET"]}}],"collection":[{"href":"http:\/\/cabinetdeluxo.fr\/index.php\/wp-json\/wp\/v2\/pages"}],"about":[{"href":"http:\/\/cabinetdeluxo.fr\/index.php\/wp-json\/wp\/v2\/types\/page"}],"author":[{"embeddable":true,"href":"http:\/\/cabinetdeluxo.fr\/index.php\/wp-json\/wp\/v2\/users\/1"}],"replies":[{"embeddable":true,"href":"http:\/\/cabinetdeluxo.fr\/index.php\/wp-json\/wp\/v2\/comments?post=107"}],"version-history":[{"count":43,"href":"http:\/\/cabinetdeluxo.fr\/index.php\/wp-json\/wp\/v2\/pages\/107\/revisions"}],"predecessor-version":[{"id":424,"href":"http:\/\/cabinetdeluxo.fr\/index.php\/wp-json\/wp\/v2\/pages\/107\/revisions\/424"}],"wp:featuredmedia":[{"embeddable":true,"href":"http:\/\/cabinetdeluxo.fr\/index.php\/wp-json\/wp\/v2\/media\/230"}],"wp:attachment":[{"href":"http:\/\/cabinetdeluxo.fr\/index.php\/wp-json\/wp\/v2\/media?parent=107"}],"curies":[{"name":"wp","href":"https:\/\/api.w.org\/{rel}","templated":true}]}}