{"id":103,"date":"2016-02-09T17:57:35","date_gmt":"2016-02-09T16:57:35","guid":{"rendered":"http:\/\/cabinetdeluxo.fr\/cabinetdeluxo\/?page_id=103"},"modified":"2021-04-15T12:04:57","modified_gmt":"2021-04-15T11:04:57","slug":"contact-et-plan-d-acces","status":"publish","type":"page","link":"http:\/\/cabinetdeluxo.fr\/index.php\/contact-et-plan-d-acces\/","title":{"rendered":"contact"},"content":{"rendered":"<h1><span style=\"color: #b21221;\"><strong>Contact en ligne : par message ou par t\u00e9l\u00e9phone<\/strong><\/span><\/h1>\n<p style=\"text-align: justify;\">Vous souhaitez en savoir plus sur la luxopuncture ? Sur ma m\u00e9thode ?<\/p>\n<p style=\"text-align: justify;\">Remplissez le formulaire ci-dessous et demandez votre premier rendez-vous ou bien des renseignements compl\u00e9mentaires sur la\u00a0<a href=\"http:\/\/cabinetdeluxo.fr\/index.php\/amincissement\/\">perte de poids<\/a>, l&rsquo;<a href=\"http:\/\/cabinetdeluxo.fr\/index.php\/arret-du-tabac\/\">arr\u00eat du tabac<\/a> ou\u00a0\u00a0<a href=\"http:\/\/cabinetdeluxo.fr\/index.php\/relaxation\/\">gestion de votre stress et de vos \u00e9motions<\/a>\u00a0 gr\u00e2ce \u00e0 la <a href=\"http:\/\/cabinetdeluxo.fr\/index.php\/luxopuncture-clermont-ferrand\/\">luxopuncture<\/a>.<\/p>\n<p style=\"text-align: justify;\">Je vous r\u00e9pondrai dans les plus brefs d\u00e9lais !<\/p>\n<div class=\"wpforms-container wpforms-container-full\" id=\"wpforms-486\"><form id=\"wpforms-form-486\" class=\"wpforms-validate wpforms-form\" data-formid=\"486\" method=\"post\" enctype=\"multipart\/form-data\" action=\"\/index.php\/wp-json\/wp\/v2\/pages\/103\" data-token=\"adbf863a84c851b52a4461f937d4560e\" data-token-time=\"1776340260\"><noscript class=\"wpforms-error-noscript\">Veuillez activer JavaScript dans votre navigateur pour remplir ce formulaire.<\/noscript><div class=\"wpforms-field-container\"><div id=\"wpforms-486-field_0-container\" class=\"wpforms-field wpforms-field-name\" data-field-id=\"0\"><label class=\"wpforms-field-label\" for=\"wpforms-486-field_0\">Quel est votre nom ?  <span class=\"wpforms-required-label\">*<\/span><\/label><input type=\"text\" id=\"wpforms-486-field_0\" class=\"wpforms-field-medium wpforms-field-required\" name=\"wpforms[fields][0]\" required><\/div><div id=\"wpforms-486-field_1-container\" class=\"wpforms-field wpforms-field-email\" data-field-id=\"1\"><label class=\"wpforms-field-label\" for=\"wpforms-486-field_1\">Quelle est votre adresse mail ? <span class=\"wpforms-required-label\">*<\/span><\/label><input type=\"email\" id=\"wpforms-486-field_1\" class=\"wpforms-field-medium wpforms-field-required\" name=\"wpforms[fields][1]\" spellcheck=\"false\" required><\/div><div id=\"wpforms-486-field_4-container\" class=\"wpforms-field wpforms-field-text\" data-field-id=\"4\"><label class=\"wpforms-field-label\" for=\"wpforms-486-field_4\">A quel num\u00e9ro puis-je vous joindre ? <span class=\"wpforms-required-label\">*<\/span><\/label><input type=\"text\" id=\"wpforms-486-field_4\" class=\"wpforms-field-medium wpforms-field-required\" name=\"wpforms[fields][4]\" required><\/div><div id=\"wpforms-486-field_2-container\" class=\"wpforms-field wpforms-field-textarea\" data-field-id=\"2\"><label class=\"wpforms-field-label\" for=\"wpforms-486-field_2\">Saisissez votre message<\/label><textarea id=\"wpforms-486-field_2\" class=\"wpforms-field-medium\" name=\"wpforms[fields][2]\" ><\/textarea><\/div><\/div><!-- .wpforms-field-container --><div class=\"wpforms-field wpforms-field-hp\"><label for=\"wpforms-486-field-hp\" class=\"wpforms-field-label\">Comment<\/label><input type=\"text\" name=\"wpforms[hp]\" id=\"wpforms-486-field-hp\" class=\"wpforms-field-medium\"><\/div><div class=\"wpforms-submit-container\" ><input type=\"hidden\" name=\"wpforms[id]\" value=\"486\"><input type=\"hidden\" name=\"page_title\" value=\"\"><input type=\"hidden\" name=\"page_url\" value=\"http:\/\/cabinetdeluxo.fr\/index.php\/wp-json\/wp\/v2\/pages\/103\"><input type=\"hidden\" name=\"url_referer\" value=\"\"><button type=\"submit\" name=\"wpforms[submit]\" id=\"wpforms-submit-486\" class=\"wpforms-submit\" data-alt-text=\"Envoi...\" data-submit-text=\"Envoyer\" aria-live=\"assertive\" value=\"wpforms-submit\">Envoyer<\/button><\/div><\/form><\/div>  <!-- .wpforms-container -->\n<p>Vous souhaitez avoir plus d&rsquo;informations de vive voix ? Je vous rappelle gratuitement :<\/p>\n<div><style media=\"screen\" type=\"text\/css\">\r\n.callback-submit  {\r\n\tborder: 2px Inset #000000 !important;\r\n\tbackground: #B21212 !important;\r\n\tcolor: #FFFFFF !important;\r\n\tcursor: pointer;\r\n}\r\n<\/style>\r\n<div id=\"callback_form\">\r\n<form name=\"callback\" method=\"post\" action=\"\" onsubmit=\"return validateform();\">\r\n<input type=\"hidden\" name=\"callback_fe_hidden\" value=\"Y\">\r\n\r\nNom: <br><input type=\"text\" style=\"color:#AEAEB7; font-style:italic; \" title=\"Renseigner votre Nom SVP\" name=\"callback_fe_name\" value=\"Votre Nom\" onclick=\"this.value='';\" onfocus=\"javascript:if(this.value=='Cliquer'){this.value='';}this.style.color='#000000'; this.style.fontStyle='normal'; \" size=\"19\"><br> T\u00e9l\u00e9phone: <br><input type=\"text\" style=\"color:#AEAEB7; font-style:italic; \" title=\"Sans espace SVP\" name=\"callback_fe_number\" value=\"Votre n\u00b0 de t\u00e9l\u00e9phone\" onclick=\"this.value='';\" onfocus=\"javascript:if(this.value=='Cliquer'){this.value='';}this.style.color='#000000'; this.style.fontStyle='normal';\" size=\"19\"><br>\r\n Rappel: <br> <input type=\"text\" style=\"color:#AEAEB7; font-style:italic; \" title=\"Veuillez pr\u00e9ciser une plage horaire ou une heure \u00e0 votre convenance\" name=\"callback_fe_time\" value=\"Heure d'appel\" onclick=\"this.value='';\" onfocus=\"javascript:if(this.value=='Cliquer'){this.value='';}this.style.color='#000000'; this.style.fontStyle='normal';\" size=\"19\"> \r\n<br \/><br \/>\r\n<div id=\"callback_submit\" align=\"Left\"><input type=\"submit\" class=\"callback-submit\" name=\"Submit\" Value=\"Rappellez-moi\"\/><\/div>\r\n<\/form><\/div><\/div>\n<div><\/div>\n<div><\/div>\n<h2><\/h2>\n<h2><span style=\"color: #b21221;\"><strong>Se rendre au cabinet<\/strong> <strong>:<\/strong><\/span><\/h2>\n<div class=\"column\">\n<div id=\"text-5\" class=\"widget widget_text\">\n<div class=\"textwidget\">\n<p>&#8211; <strong>A pied<\/strong> : entr\u00e9e \u00ab\u00a0Bureaux Gonod\u00a0\u00bb, \u00e0 droite de l&rsquo;entr\u00e9e rue Gonod du Centre Jaude 1.<\/p>\n<p><em><a href=\"http:\/\/cabinetdeluxo.fr\/cabinetdeluxo\/wp-content\/uploads\/2016\/02\/IMG_20160304_103658.jpg\" rel=\"attachment wp-att-248\"><img loading=\"lazy\" decoding=\"async\" class=\"alignnone size-medium wp-image-248\" src=\"http:\/\/cabinetdeluxo.fr\/cabinetdeluxo\/wp-content\/uploads\/2016\/02\/IMG_20160304_103658-300x225.jpg\" alt=\"contact\" width=\"300\" height=\"225\" srcset=\"http:\/\/cabinetdeluxo.fr\/wp-content\/uploads\/2016\/02\/IMG_20160304_103658-300x225.jpg 300w, http:\/\/cabinetdeluxo.fr\/wp-content\/uploads\/2016\/02\/IMG_20160304_103658-768x576.jpg 768w, http:\/\/cabinetdeluxo.fr\/wp-content\/uploads\/2016\/02\/IMG_20160304_103658-1024x768.jpg 1024w, http:\/\/cabinetdeluxo.fr\/wp-content\/uploads\/2016\/02\/IMG_20160304_103658-73x55.jpg 73w, http:\/\/cabinetdeluxo.fr\/wp-content\/uploads\/2016\/02\/IMG_20160304_103658-800x600.jpg 800w\" sizes=\"auto, (max-width: 300px) 100vw, 300px\" \/><\/a><\/em><\/p>\n<p><strong>&#8211; En voiture<\/strong> : parking Centre Jaude 1 niveau -2, entr\u00e9e Lagarlaye, 50 m\u00e8tres apr\u00e8s la barri\u00e8re, sur votre gauche. Ascenseur, 2\u00e8me \u00e9tage.<\/p>\n<p><a href=\"http:\/\/cabinetdeluxo.fr\/cabinetdeluxo\/wp-content\/uploads\/2015\/12\/IMG_20160303_130737.jpg\" rel=\"attachment wp-att-219\"><img loading=\"lazy\" decoding=\"async\" class=\"alignnone size-medium wp-image-219\" src=\"http:\/\/cabinetdeluxo.fr\/cabinetdeluxo\/wp-content\/uploads\/2015\/12\/IMG_20160303_130737-300x225.jpg\" alt=\"contact\" width=\"300\" height=\"225\" srcset=\"http:\/\/cabinetdeluxo.fr\/wp-content\/uploads\/2015\/12\/IMG_20160303_130737-300x225.jpg 300w, http:\/\/cabinetdeluxo.fr\/wp-content\/uploads\/2015\/12\/IMG_20160303_130737-768x576.jpg 768w, http:\/\/cabinetdeluxo.fr\/wp-content\/uploads\/2015\/12\/IMG_20160303_130737-1024x768.jpg 1024w, http:\/\/cabinetdeluxo.fr\/wp-content\/uploads\/2015\/12\/IMG_20160303_130737-73x55.jpg 73w, http:\/\/cabinetdeluxo.fr\/wp-content\/uploads\/2015\/12\/IMG_20160303_130737-800x600.jpg 800w\" sizes=\"auto, (max-width: 300px) 100vw, 300px\" \/><\/a><\/p>\n<p><strong>&#8211; En tram<\/strong> : arr\u00eat JAUDE ou LAGARLAYE<\/p>\n<p><strong>&#8211; En bus<\/strong> : ligne B \/ C \/ 9 \/ 10 arr\u00eat JAUDE<\/p>\n<\/div>\n<\/div>\n<\/div>\n<p><strong>Nombreux sont ceux qui ont d\u00e9j\u00e0 fait appel au cabinet de luxo. Vous \u00eates curieux ? D<\/strong><strong>\u00e9couvrez leurs t\u00e9moignages : <a href=\"https:\/\/g.page\/cabinetdeluxo\/review?av\">https:\/\/g.page\/cabinetdeluxo\/review?av<\/a><\/strong><\/p>\n","protected":false},"excerpt":{"rendered":"<p>Contact en ligne : par message ou par t\u00e9l\u00e9phone Vous souhaitez en savoir plus sur la luxopuncture ? Sur ma m\u00e9thode ? Remplissez le formulaire ci-dessous et demandez votre premier rendez-vous ou bien des renseignements compl\u00e9mentaires sur la\u00a0perte de poids, l&rsquo;arr\u00eat du tabac ou\u00a0\u00a0gestion de votre stress et de vos \u00e9motions\u00a0 gr\u00e2ce \u00e0 la luxopuncture. [&hellip;]<\/p>\n","protected":false},"author":1,"featured_media":225,"parent":0,"menu_order":60,"comment_status":"closed","ping_status":"closed","template":"","meta":{"footnotes":""},"class_list":["post-103","page","type-page","status-publish","has-post-thumbnail","hentry"],"yoast_head":"<!-- This site is optimized with the Yoast SEO plugin v24.8.1 - https:\/\/yoast.com\/wordpress\/plugins\/seo\/ -->\n<title>Contact et plan d&#039;acc\u00e8s Cabinet de luxo - Clermont-Ferrand<\/title>\n<meta name=\"description\" content=\"Contact en ligne du cabinet de luxo pour obtenir un rendez-vous ou des renseignements sur l&#039;arr\u00eat du tabac, la perte de poids ou la gestion de votre stress.\" \/>\n<meta name=\"robots\" content=\"index, follow, max-snippet:-1, max-image-preview:large, max-video-preview:-1\" \/>\n<link rel=\"canonical\" href=\"http:\/\/cabinetdeluxo.fr\/index.php\/contact-et-plan-d-acces\/\" \/>\n<meta property=\"og:locale\" content=\"fr_FR\" \/>\n<meta property=\"og:type\" content=\"article\" \/>\n<meta property=\"og:title\" content=\"Contact et plan d&#039;acc\u00e8s Cabinet de luxo - Clermont-Ferrand\" \/>\n<meta property=\"og:description\" content=\"Contact en ligne du cabinet de luxo pour obtenir un rendez-vous ou des renseignements sur l&#039;arr\u00eat du tabac, la perte de poids ou la gestion de votre stress.\" \/>\n<meta property=\"og:url\" content=\"http:\/\/cabinetdeluxo.fr\/index.php\/contact-et-plan-d-acces\/\" \/>\n<meta property=\"og:site_name\" content=\"cabinet de luxo\" \/>\n<meta property=\"article:modified_time\" content=\"2021-04-15T11:04:57+00:00\" \/>\n<meta property=\"og:image\" content=\"http:\/\/cabinetdeluxo.fr\/wp-content\/uploads\/2015\/12\/IMG_20160303_150103-1024x768.jpg\" \/>\n\t<meta property=\"og:image:width\" content=\"1024\" \/>\n\t<meta property=\"og:image:height\" content=\"768\" \/>\n\t<meta property=\"og:image:type\" content=\"image\/jpeg\" \/>\n<meta name=\"twitter:card\" content=\"summary_large_image\" \/>\n<meta name=\"twitter:label1\" content=\"Dur\u00e9e de lecture estim\u00e9e\" \/>\n\t<meta name=\"twitter:data1\" content=\"2 minutes\" \/>\n<script type=\"application\/ld+json\" class=\"yoast-schema-graph\">{\"@context\":\"https:\/\/schema.org\",\"@graph\":[{\"@type\":\"WebPage\",\"@id\":\"http:\/\/cabinetdeluxo.fr\/index.php\/contact-et-plan-d-acces\/\",\"url\":\"http:\/\/cabinetdeluxo.fr\/index.php\/contact-et-plan-d-acces\/\",\"name\":\"Contact et plan d'acc\u00e8s Cabinet de luxo - Clermont-Ferrand\",\"isPartOf\":{\"@id\":\"https:\/\/cabinetdeluxo.fr\/#website\"},\"primaryImageOfPage\":{\"@id\":\"http:\/\/cabinetdeluxo.fr\/index.php\/contact-et-plan-d-acces\/#primaryimage\"},\"image\":{\"@id\":\"http:\/\/cabinetdeluxo.fr\/index.php\/contact-et-plan-d-acces\/#primaryimage\"},\"thumbnailUrl\":\"http:\/\/cabinetdeluxo.fr\/wp-content\/uploads\/2015\/12\/IMG_20160303_150103.jpg\",\"datePublished\":\"2016-02-09T16:57:35+00:00\",\"dateModified\":\"2021-04-15T11:04:57+00:00\",\"description\":\"Contact en ligne du cabinet de luxo pour obtenir un rendez-vous ou des renseignements sur l'arr\u00eat du tabac, la perte de poids ou la gestion de votre stress.\",\"breadcrumb\":{\"@id\":\"http:\/\/cabinetdeluxo.fr\/index.php\/contact-et-plan-d-acces\/#breadcrumb\"},\"inLanguage\":\"fr-FR\",\"potentialAction\":[{\"@type\":\"ReadAction\",\"target\":[\"http:\/\/cabinetdeluxo.fr\/index.php\/contact-et-plan-d-acces\/\"]}]},{\"@type\":\"ImageObject\",\"inLanguage\":\"fr-FR\",\"@id\":\"http:\/\/cabinetdeluxo.fr\/index.php\/contact-et-plan-d-acces\/#primaryimage\",\"url\":\"http:\/\/cabinetdeluxo.fr\/wp-content\/uploads\/2015\/12\/IMG_20160303_150103.jpg\",\"contentUrl\":\"http:\/\/cabinetdeluxo.fr\/wp-content\/uploads\/2015\/12\/IMG_20160303_150103.jpg\",\"width\":4032,\"height\":3024},{\"@type\":\"BreadcrumbList\",\"@id\":\"http:\/\/cabinetdeluxo.fr\/index.php\/contact-et-plan-d-acces\/#breadcrumb\",\"itemListElement\":[{\"@type\":\"ListItem\",\"position\":1,\"name\":\"Accueil\",\"item\":\"https:\/\/cabinetdeluxo.fr\/\"},{\"@type\":\"ListItem\",\"position\":2,\"name\":\"contact\"}]},{\"@type\":\"WebSite\",\"@id\":\"https:\/\/cabinetdeluxo.fr\/#website\",\"url\":\"https:\/\/cabinetdeluxo.fr\/\",\"name\":\"cabinet de luxo\",\"description\":\"\",\"potentialAction\":[{\"@type\":\"SearchAction\",\"target\":{\"@type\":\"EntryPoint\",\"urlTemplate\":\"https:\/\/cabinetdeluxo.fr\/?s={search_term_string}\"},\"query-input\":{\"@type\":\"PropertyValueSpecification\",\"valueRequired\":true,\"valueName\":\"search_term_string\"}}],\"inLanguage\":\"fr-FR\"}]}<\/script>\n<!-- \/ Yoast SEO plugin. -->","yoast_head_json":{"title":"Contact et plan d'acc\u00e8s Cabinet de luxo - Clermont-Ferrand","description":"Contact en ligne du cabinet de luxo pour obtenir un rendez-vous ou des renseignements sur l'arr\u00eat du tabac, la perte de poids ou la gestion de votre stress.","robots":{"index":"index","follow":"follow","max-snippet":"max-snippet:-1","max-image-preview":"max-image-preview:large","max-video-preview":"max-video-preview:-1"},"canonical":"http:\/\/cabinetdeluxo.fr\/index.php\/contact-et-plan-d-acces\/","og_locale":"fr_FR","og_type":"article","og_title":"Contact et plan d'acc\u00e8s Cabinet de luxo - Clermont-Ferrand","og_description":"Contact en ligne du cabinet de luxo pour obtenir un rendez-vous ou des renseignements sur l'arr\u00eat du tabac, la perte de poids ou la gestion de votre stress.","og_url":"http:\/\/cabinetdeluxo.fr\/index.php\/contact-et-plan-d-acces\/","og_site_name":"cabinet de luxo","article_modified_time":"2021-04-15T11:04:57+00:00","og_image":[{"width":1024,"height":768,"url":"http:\/\/cabinetdeluxo.fr\/wp-content\/uploads\/2015\/12\/IMG_20160303_150103-1024x768.jpg","type":"image\/jpeg"}],"twitter_card":"summary_large_image","twitter_misc":{"Dur\u00e9e de lecture estim\u00e9e":"2 minutes"},"schema":{"@context":"https:\/\/schema.org","@graph":[{"@type":"WebPage","@id":"http:\/\/cabinetdeluxo.fr\/index.php\/contact-et-plan-d-acces\/","url":"http:\/\/cabinetdeluxo.fr\/index.php\/contact-et-plan-d-acces\/","name":"Contact et plan d'acc\u00e8s Cabinet de luxo - Clermont-Ferrand","isPartOf":{"@id":"https:\/\/cabinetdeluxo.fr\/#website"},"primaryImageOfPage":{"@id":"http:\/\/cabinetdeluxo.fr\/index.php\/contact-et-plan-d-acces\/#primaryimage"},"image":{"@id":"http:\/\/cabinetdeluxo.fr\/index.php\/contact-et-plan-d-acces\/#primaryimage"},"thumbnailUrl":"http:\/\/cabinetdeluxo.fr\/wp-content\/uploads\/2015\/12\/IMG_20160303_150103.jpg","datePublished":"2016-02-09T16:57:35+00:00","dateModified":"2021-04-15T11:04:57+00:00","description":"Contact en ligne du cabinet de luxo pour obtenir un rendez-vous ou des renseignements sur l'arr\u00eat du tabac, la perte de poids ou la gestion de votre stress.","breadcrumb":{"@id":"http:\/\/cabinetdeluxo.fr\/index.php\/contact-et-plan-d-acces\/#breadcrumb"},"inLanguage":"fr-FR","potentialAction":[{"@type":"ReadAction","target":["http:\/\/cabinetdeluxo.fr\/index.php\/contact-et-plan-d-acces\/"]}]},{"@type":"ImageObject","inLanguage":"fr-FR","@id":"http:\/\/cabinetdeluxo.fr\/index.php\/contact-et-plan-d-acces\/#primaryimage","url":"http:\/\/cabinetdeluxo.fr\/wp-content\/uploads\/2015\/12\/IMG_20160303_150103.jpg","contentUrl":"http:\/\/cabinetdeluxo.fr\/wp-content\/uploads\/2015\/12\/IMG_20160303_150103.jpg","width":4032,"height":3024},{"@type":"BreadcrumbList","@id":"http:\/\/cabinetdeluxo.fr\/index.php\/contact-et-plan-d-acces\/#breadcrumb","itemListElement":[{"@type":"ListItem","position":1,"name":"Accueil","item":"https:\/\/cabinetdeluxo.fr\/"},{"@type":"ListItem","position":2,"name":"contact"}]},{"@type":"WebSite","@id":"https:\/\/cabinetdeluxo.fr\/#website","url":"https:\/\/cabinetdeluxo.fr\/","name":"cabinet de luxo","description":"","potentialAction":[{"@type":"SearchAction","target":{"@type":"EntryPoint","urlTemplate":"https:\/\/cabinetdeluxo.fr\/?s={search_term_string}"},"query-input":{"@type":"PropertyValueSpecification","valueRequired":true,"valueName":"search_term_string"}}],"inLanguage":"fr-FR"}]}},"_links":{"self":[{"href":"http:\/\/cabinetdeluxo.fr\/index.php\/wp-json\/wp\/v2\/pages\/103","targetHints":{"allow":["GET"]}}],"collection":[{"href":"http:\/\/cabinetdeluxo.fr\/index.php\/wp-json\/wp\/v2\/pages"}],"about":[{"href":"http:\/\/cabinetdeluxo.fr\/index.php\/wp-json\/wp\/v2\/types\/page"}],"author":[{"embeddable":true,"href":"http:\/\/cabinetdeluxo.fr\/index.php\/wp-json\/wp\/v2\/users\/1"}],"replies":[{"embeddable":true,"href":"http:\/\/cabinetdeluxo.fr\/index.php\/wp-json\/wp\/v2\/comments?post=103"}],"version-history":[{"count":52,"href":"http:\/\/cabinetdeluxo.fr\/index.php\/wp-json\/wp\/v2\/pages\/103\/revisions"}],"predecessor-version":[{"id":546,"href":"http:\/\/cabinetdeluxo.fr\/index.php\/wp-json\/wp\/v2\/pages\/103\/revisions\/546"}],"wp:featuredmedia":[{"embeddable":true,"href":"http:\/\/cabinetdeluxo.fr\/index.php\/wp-json\/wp\/v2\/media\/225"}],"wp:attachment":[{"href":"http:\/\/cabinetdeluxo.fr\/index.php\/wp-json\/wp\/v2\/media?parent=103"}],"curies":[{"name":"wp","href":"https:\/\/api.w.org\/{rel}","templated":true}]}}